ainder when 55703 is divided by 8815.
2813
What is the remainder when 1997338 is divided by 159?
139
Calculate the remainder when 1444276 is divided by 774.
766
Calculate the remainder when 46400234 is divided by 250.
234
Calculate the remainder when 80908286 is divided by 26969415.
41
Calculate the remainder when 48565944 is divided by 714205.
4
What is the remainder when 50049 is divided by 3125?
49
What is the remainder when 4131886 is divided by 264?
22
What is the remainder when 23112 is divided by 58?
28
What is the remainder when 46344 is divided by 9254?
74
What is the remainder when 49449598 is divided by 207?
196
What is the remainder when 2370217 is divided by 11450?
67
What is the remainder when 744942 is divided by 1881?
66
Calculate the remainder when 3657376 is divided by 1735.
1731
What is the remainder when 55983 is divided by 5023?
730
Calculate the remainder when 335493 is divided by 32669.
8803
What is the remainder when 34661013 is divided by 18?
15
Calculate the remainder when 52627354 is divided by 24.
10
Calculate the remainder when 6403 is divided by 2886.
631
What is the remainder when 13444597 is divided by 28068?
25
Calculate the remainder when 178536 is divided by 178181.
355
What is the remainder when 901649111 is divided by 3612?
3611
What is the remainder when 2499311 is divided by 76?
51
Calculate the remainder when 294644 is divided by 2181.
209
What is the remainder when 324605 is divided by 1870?
1095
What is the remainder when 38582716 is divided by 38582704?
12
Calculate the remainder when 635181 is divided by 126729.
1536
Calculate the remainder when 14625446 is divided by 1329586.
0
What is the remainder when 2309792 is divided by 769839?
275
What is the remainder when 3494145 is divided by 1747066?
13
Calculate the remainder when 54495 is divided by 5444.
55
Calculate the remainder when 69964 is divided by 2468.
860
What is the remainder when 704684 is divided by 636?
632
Calculate the remainder when 60421471 is divided by 30210731.
9
What is the remainder when 414000 is divided by 205833?
2334
What is the remainder when 90002 is divided by 542?
30
Calculate the remainder when 13348678 is divided by 40.
38
Calculate the remainder when 1618947 is divided by 1781.
18
What is the remainder when 112657 is divided by 1821?
1576
Calculate the remainder when 55530 is divided by 315.
90
Calculate the remainder when 6519 is divided by 3036.
447
Calculate the remainder when 700860 is divided by 426.
90
What is the remainder when 70723931 is divided by 73?
71
What is the remainder when 227733 is divided by 10933?
9073
What is the remainder when 10062222 is divided by 1437460?
2
What is the remainder when 8055131 is divided by 4?
3
Calculate the remainder when 1437 is divided by 25.
12
What is the remainder when 10390520 is divided by 1195?
1190
What is the remainder when 2369003 is divided by 2368995?
8
What is the remainder when 10917196 is divided by 727810?
46
Calculate the remainder when 108635 is divided by 656.
395
What is the remainder when 210069 is divided by 560?
69
What is the remainder when 23478 is divided by 3182?
1204
Calculate the remainder when 213428 is divided by 1922.
86
What is the remainder when 2893276 is divided by 2674?
8
Calculate the remainder when 10089673 is divided by 3117.
3061
Calculate the remainder when 559136 is divided by 1537.
1205
Calculate the remainder when 1529598 is divided by 2256.
30
Calculate the remainder when 1226179 is divided by 153251.
171
Calculate the remainder when 4613899 is divided by 254.
243
What is the remainder when 3526632 is divided by 881549?
436
Calculate the remainder when 2608034 is divided by 5084.
5026
Calculate the remainder when 2009993 is divided by 1099.
1021
Calculate the remainder when 103291 is divided by 51643.
5
What is the remainder when 85931 is divided by 3282?
599
What is the remainder when 573996 is divided by 71735?
116
What is the remainder when 272164 is divided by 1440?
4
What is the remainder when 9732526 is divided by 2433109?
90
Calculate the remainder when 119046236 is divided by 4080.
4076
What is the remainder when 62900 is divided by 30745?
1410
What is the remainder when 29081453 is divided by 33198?
5
What is the remainder when 1081742 is divided by 9924?
26
Calculate the remainder when 817524 is divided by 42.
36
What is the remainder when 1737477 is divided by 362?
239
Calculate the remainder when 338883 is divided by 266.
265
Calculate the remainder when 2204019 is divided by 1211.
1210
Calculate the remainder when 99831 is divided by 304.
119
Calculate the remainder when 40025787 is divided by 998.
997
Calculate the remainder when 1328657 is divided by 25069.
0
Calculate the remainder when 415841 is divided by 17326.
17
What is the remainder when 54856419 is divided by 23584?
35
Calculate the remainder when 39599 is divided by 4575.
2999
Calculate the remainder when 29874 is divided by 5970.
24
What is the remainder when 242566413 is divided by 12?
9
Calculate the remainder when 455262 is divided by 1492.
202
What is the remainder when 84623 is divided by 21151?
19
Calculate the remainder when 11419684 is divided by 761311.
19
What is the remainder when 314143 is divided by 527?
51
What is the remainder when 2603093 is divided by 2603087?
6
Calculate the remainder when 451859 is divided by 12804.
3719
Calculate the remainder when 101491 is divided by 1864.
835
What is the remainder when 488853 is divided by 488042?
811
Calculate the remainder when 3397945 is divided by 1321.
333
What is the remainder when 24413936 is divided by 46064?
16
What is the remainder when 2752212 is divided by 17?
14
Calculate the remainder when 2106285 is divided by 4691.
26
Calculate the remainder when 274443519 is divided by 140.
119
What is the remainder when 13453 is divided by 276?
205
Calculate the remainder when 503971 is divided by 3073.
3072
What is the remainder when 6134319 is divided by 825?
444
What is the remainder when 147374 is divided by 48974?
452
Calculate the remainder when 26338 is divided by 5207.
303
Calculate the remainder when 345502945 is divided by 511.
4
Calculate the remainder when 635068 is divided by 33.
16
Calculate the remainder when 4984455 is divided by 106048.
199
What is the remainder when 1445837 is divided by 1445760?
77
What is the remainder when 17529586 is divided by 176?
162
What is the remainder when 172943 is divided by 10151?
376
What is the remainder when 3118 is divided by 288?
238
What is the remainder when 351760074 is divided by 120?
114
What is the remainder when 118099301 is divided by 290?
281
Calculate the remainder when 2550057 is divided by 5506.
779
What is the remainder when 3146253 is divided by 2113?
2109
What is the remainder when 8058833 is divided by 27043?
19
Calculate the remainder when 8198 is divided by 1909.
562
Calculate the remainder when 2279716 is divided by 12595.
21
Calculate the remainder when 3613212 is divided by 236.
52
Calculate the remainder when 21668515 is divided by 387.
385
Calculate the remainder when 631350 is divided by 443.
75
Calculate the remainder when 1066188 is divided by 10866.
1320
What is the remainder when 442767 is divided by 221341?
85
Calculate the remainder when 401062 is divided by 199689.
1684
What is the remainder when 660501 is divided by 7421?
32
Calculate the remainder when 45061 is divided by 36846.
8215
Calculate the remainder when 9295751 is divided by 58.
33
What is the remainder when 57421 is divided by 152?
117
Calculate the remainder when 558300922 is divided by 162.
160
What is the remainder when 79776 is divided by 9666?
2448
What is the remainder when 1632700 is divided by 6505?
6450
What is the remainder when 437374 is divided by 437217?
157
What is the remainder when 7837481 is divided by 8?
1
Calculate the remainder when 182413 is divided by 179402.
3011
What is the remainder when 1206689 is divided by 92819?
42
What is the remainder when 2287182 is divided by 762358?
108
What is the remainder when 1058486 is divided by 444?
434
What is the remainder when 294375099 is divided by 31?
29
What is the remainder when 46234 is divided by 3065?
259
What is the remainder when 979797 is divided by 426?
423
Calculate the remain